{"id":18710,"date":"2021-08-18T04:32:12","date_gmt":"2021-08-18T04:32:12","guid":{"rendered":"http:\/\/www.cluberecreioinstrucao.com\/cri\/?page_id=18710"},"modified":"2022-06-17T07:44:49","modified_gmt":"2022-06-17T07:44:49","slug":"2021-22-benjamins-a-sub-11","status":"publish","type":"page","link":"http:\/\/www.cluberecreioinstrucao.com\/cri\/?page_id=18710","title":{"rendered":"2021\/22 BENJAMINS A (SUB-11)"},"content":{"rendered":"<p><img decoding=\"async\" loading=\"lazy\" class=\"aligncenter size-full wp-image-19105\" src=\"http:\/\/www.cluberecreioinstrucao.com\/cri\/wp-content\/uploads\/2021\/11\/2021.11.13-cri2-4djoao-033.jpg\" alt=\"\" width=\"1618\" height=\"1080\" srcset=\"http:\/\/www.cluberecreioinstrucao.com\/cri\/wp-content\/uploads\/2021\/11\/2021.11.13-cri2-4djoao-033.jpg 1618w, http:\/\/www.cluberecreioinstrucao.com\/cri\/wp-content\/uploads\/2021\/11\/2021.11.13-cri2-4djoao-033-300x200.jpg 300w, http:\/\/www.cluberecreioinstrucao.com\/cri\/wp-content\/uploads\/2021\/11\/2021.11.13-cri2-4djoao-033-1024x684.jpg 1024w, http:\/\/www.cluberecreioinstrucao.com\/cri\/wp-content\/uploads\/2021\/11\/2021.11.13-cri2-4djoao-033-768x513.jpg 768w, http:\/\/www.cluberecreioinstrucao.com\/cri\/wp-content\/uploads\/2021\/11\/2021.11.13-cri2-4djoao-033-1536x1025.jpg 1536w, http:\/\/www.cluberecreioinstrucao.com\/cri\/wp-content\/uploads\/2021\/11\/2021.11.13-cri2-4djoao-033-128x85.jpg 128w, http:\/\/www.cluberecreioinstrucao.com\/cri\/wp-content\/uploads\/2021\/11\/2021.11.13-cri2-4djoao-033-32x21.jpg 32w, http:\/\/www.cluberecreioinstrucao.com\/cri\/wp-content\/uploads\/2021\/11\/2021.11.13-cri2-4djoao-033-100x67.jpg 100w, http:\/\/www.cluberecreioinstrucao.com\/cri\/wp-content\/uploads\/2021\/11\/2021.11.13-cri2-4djoao-033-50x33.jpg 50w, http:\/\/www.cluberecreioinstrucao.com\/cri\/wp-content\/uploads\/2021\/11\/2021.11.13-cri2-4djoao-033-25x17.jpg 25w, http:\/\/www.cluberecreioinstrucao.com\/cri\/wp-content\/uploads\/2021\/11\/2021.11.13-cri2-4djoao-033-414x276.jpg 414w, http:\/\/www.cluberecreioinstrucao.com\/cri\/wp-content\/uploads\/2021\/11\/2021.11.13-cri2-4djoao-033-470x313.jpg 470w, http:\/\/www.cluberecreioinstrucao.com\/cri\/wp-content\/uploads\/2021\/11\/2021.11.13-cri2-4djoao-033-640x426.jpg 640w, http:\/\/www.cluberecreioinstrucao.com\/cri\/wp-content\/uploads\/2021\/11\/2021.11.13-cri2-4djoao-033-130x86.jpg 130w, http:\/\/www.cluberecreioinstrucao.com\/cri\/wp-content\/uploads\/2021\/11\/2021.11.13-cri2-4djoao-033-187x124.jpg 187w, http:\/\/www.cluberecreioinstrucao.com\/cri\/wp-content\/uploads\/2021\/11\/2021.11.13-cri2-4djoao-033-990x661.jpg 990w, http:\/\/www.cluberecreioinstrucao.com\/cri\/wp-content\/uploads\/2021\/11\/2021.11.13-cri2-4djoao-033-1320x881.jpg 1320w, http:\/\/www.cluberecreioinstrucao.com\/cri\/wp-content\/uploads\/2021\/11\/2021.11.13-cri2-4djoao-033-449x300.jpg 449w\" sizes=\"(max-width: 1618px) 100vw, 1618px\" \/><div class=\"mks_separator\" style=\"border-bottom: 2px solid;\"><\/div>\n<ul>\n<li><a href=\"http:\/\/www.cluberecreioinstrucao.com\/cri\/?page_id=6863\">ARQUIVO \u00c9POCAS ANTERIORES<\/a><\/li>\n<li><strong>\u00c9POCA 2021\/22<\/strong>\n<ul>\n<li><a href=\"#JOGADORES\"><strong>JOGADORES<\/strong><\/a><\/li>\n<li><a href=\"#TREINADORES. DIRIGENTES. COLABORADORES\"><strong>TREINADORES. DIRIGENTES. COLABORADORES<\/strong> <\/a><\/li>\n<li><a href=\"http:\/\/www.cluberecreioinstrucao.com\/cri\/?tag=Benjamins-A-2021\/22\"><strong>FOTOS. V\u00cdDEOS. <\/strong><strong>NOT\u00cdCIAS<\/strong><\/a><\/li>\n<li><strong><a href=\"https:\/\/resultados.fpf.pt\/Competition\/Details?competitionId=20933&amp;seasonId=101\" target=\"_blank\" rel=\"noopener\">CAMPEONATO A.F.SET\u00daBAL &#8211; 1\u00aa FASE &#8211; S\u00c9RIE &#8220;D&#8221; <\/a><\/strong><\/li>\n<li><a href=\"https:\/\/resultados.fpf.pt\/Competition\/Details?competitionId=21211&amp;seasonId=101\" target=\"_blank\" rel=\"noopener\"><strong>TORNEIO COMPLEMENTAR A.F.SET\u00daBAL &#8211; S\u00c9RIE &#8220;E&#8221; <\/strong><\/a><\/li>\n<\/ul>\n<\/li>\n<\/ul>\n<div class=\"mks_separator\" style=\"border-bottom: 3px solid;\"><\/div>\n<p><a href=\"https:\/\/resultados.fpf.pt\/Competition\/Details?competitionId=21211&amp;seasonId=101\" target=\"_blank\" rel=\"noopener\"><strong>TORNEIO COMPLEMENTAR A.F.SET\u00daBAL &#8211; S\u00c9RIE &#8220;E&#8221;<\/strong><\/a><br \/>\nOS NOSSOS JOGOS OFICIAIS:<\/p>\n<p>19 mar 2022 D. Jo\u00e3o I 3-0 <strong>CRI <\/strong>&#8211; <a href=\"https:\/\/resultados.fpf.pt\/Match\/GetMatchInformation?matchId=1736187\" target=\"_blank\" rel=\"noopener\">FICHA DE JOGO<\/a> &#8211; <a href=\"http:\/\/www.cluberecreioinstrucao.com\/cri\/?p=19838\">FOTOS<\/a><br \/>\n26 mar 2022 <strong>CRI<\/strong> 5-1 Fabril &#8220;B&#8221; &#8211; <a href=\"https:\/\/resultados.fpf.pt\/Match\/GetMatchInformation?matchId=1736189\" target=\"_blank\" rel=\"noopener\">FICHA DE JOGO<\/a> &#8211; <a href=\"http:\/\/www.cluberecreioinstrucao.com\/cri\/?p=19916\">FOTOS<\/a><br \/>\n09 abr 2022 ADQ Conde 0-11 <strong>CRI<\/strong> &#8211; <a href=\"https:\/\/resultados.fpf.pt\/Match\/GetMatchInformation?matchId=1736192\" target=\"_blank\" rel=\"noopener\">FICHA DE JOGO<\/a><br \/>\n23 abr 2022 <strong>CRI<\/strong> 10-0 Vinhense &#8211; <a href=\"https:\/\/resultados.fpf.pt\/Match\/GetMatchInformation?matchId=1736194\" target=\"_blank\" rel=\"noopener\">FICHA DE JOGO<\/a><br \/>\n07 mai 2022 <strong>CRI<\/strong> 1-2 D. Jo\u00e3o I &#8211; <a href=\"https:\/\/resultados.fpf.pt\/Match\/GetMatchInformation?matchId=1736197\" target=\"_blank\" rel=\"noopener\">FICHA DE JOGO<\/a> &#8211; <a href=\"http:\/\/www.cluberecreioinstrucao.com\/cri\/?p=20183\">FOTOS<\/a><br \/>\n14 mai 2022 Fabril &#8220;B&#8221; 0-3 <strong>CRI <\/strong>&#8211; <a href=\"https:\/\/resultados.fpf.pt\/Match\/GetMatchInformation?matchId=1736199\" target=\"_blank\" rel=\"noopener\">FICHA DE JOGO<\/a><br \/>\n04 jun 2022 <strong>CRI<\/strong> 7-2 ADQC &#8211; <a href=\"https:\/\/resultados.fpf.pt\/Match\/GetMatchInformation?matchId=1736202\" target=\"_blank\" rel=\"noopener\">FICHA DE JOGO<\/a><br \/>\n11 jun 2022 Vinhense 2-20 <strong>CRI<\/strong> &#8211; <a href=\"https:\/\/resultados.fpf.pt\/Match\/GetMatchInformation?matchId=1736204\" target=\"_blank\" rel=\"noopener\">FICHA DE JOGO<\/a><\/p>\n<p>CLASSIFICA\u00c7\u00c3O FINAL<\/p>\n<p><img decoding=\"async\" loading=\"lazy\" class=\"alignnone wp-image-20355\" src=\"http:\/\/www.cluberecreioinstrucao.com\/cri\/wp-content\/uploads\/2022\/06\/tcomplementarBENJAMINS-A21_22.jpg\" alt=\"\" width=\"360\" height=\"509\" srcset=\"http:\/\/www.cluberecreioinstrucao.com\/cri\/wp-content\/uploads\/2022\/06\/tcomplementarBENJAMINS-A21_22.jpg 640w, http:\/\/www.cluberecreioinstrucao.com\/cri\/wp-content\/uploads\/2022\/06\/tcomplementarBENJAMINS-A21_22-212x300.jpg 212w, http:\/\/www.cluberecreioinstrucao.com\/cri\/wp-content\/uploads\/2022\/06\/tcomplementarBENJAMINS-A21_22-91x128.jpg 91w, http:\/\/www.cluberecreioinstrucao.com\/cri\/wp-content\/uploads\/2022\/06\/tcomplementarBENJAMINS-A21_22-23x32.jpg 23w, http:\/\/www.cluberecreioinstrucao.com\/cri\/wp-content\/uploads\/2022\/06\/tcomplementarBENJAMINS-A21_22-71x100.jpg 71w, http:\/\/www.cluberecreioinstrucao.com\/cri\/wp-content\/uploads\/2022\/06\/tcomplementarBENJAMINS-A21_22-35x50.jpg 35w, http:\/\/www.cluberecreioinstrucao.com\/cri\/wp-content\/uploads\/2022\/06\/tcomplementarBENJAMINS-A21_22-18x25.jpg 18w, http:\/\/www.cluberecreioinstrucao.com\/cri\/wp-content\/uploads\/2022\/06\/tcomplementarBENJAMINS-A21_22-300x424.jpg 300w\" sizes=\"(max-width: 360px) 100vw, 360px\" \/><\/p>\n<p>&nbsp;<\/p>\n<div class=\"mks_separator\" style=\"border-bottom: 3px solid;\"><\/div>\n<p><strong><a href=\"https:\/\/resultados.fpf.pt\/Competition\/Details?competitionId=20933&amp;seasonId=101\" target=\"_blank\" rel=\"noopener\">CAMPEONATO A.F.SET\u00daBAL &#8211; 1\u00aa FASE &#8211; S\u00c9RIE &#8220;D&#8221;<\/a><\/strong><\/p>\n<p>OS NOSSOS JOGOS OFICIAIS:<br \/>\n30.10.2021 <strong>CRI<\/strong> 1-5 FC Barreirense &#8211; <a href=\"https:\/\/resultados.fpf.pt\/Match\/GetMatchInformation?matchId=1688034\" target=\"_blank\" rel=\"noopener\">FICHA DE JOGO<\/a> &#8211; <strong><a href=\"http:\/\/www.cluberecreioinstrucao.com\/cri\/?p=19004\">FOTOS<\/a><\/strong><br \/>\n06.11.2021 ADQ Conde 2-11 <strong>CRI<\/strong> &#8211; <a href=\"https:\/\/resultados.fpf.pt\/Match\/GetMatchInformation?matchId=1688037\" target=\"_blank\" rel=\"noopener\">FICHA DE JOGO<\/a> &#8211; <strong><a href=\"http:\/\/www.cluberecreioinstrucao.com\/cri\/?p=19049\">FOTOS<\/a><\/strong><br \/>\n13.11.2021 <strong>CRI<\/strong> 2-4 D. Jo\u00e3o I &#8211; <a href=\"https:\/\/resultados.fpf.pt\/Match\/GetMatchInformation?matchId=1688042\" target=\"_blank\" rel=\"noopener\">FICHA DE JOGO<\/a> &#8211; <strong><a href=\"http:\/\/www.cluberecreioinstrucao.com\/cri\/?p=19103\">FOTOS<\/a><\/strong><br \/>\n27.11.2021 SC Vinhense 1-9 <strong>CRI<\/strong> &#8211; <a href=\"https:\/\/resultados.fpf.pt\/Match\/GetMatchInformation?matchId=1688051\" target=\"_blank\" rel=\"noopener\">FICHA DE JOGO<\/a> &#8211; <strong><a href=\"http:\/\/www.cluberecreioinstrucao.com\/cri\/?p=19217\">FOTOS<\/a><br \/>\n<\/strong>04.12.2021 <strong>CRI<\/strong> 0-2 GD Fabril &#8211; <a href=\"https:\/\/resultados.fpf.pt\/Match\/GetMatchInformation?matchId=1688055\" target=\"_blank\" rel=\"noopener\">FICHA DE JOGO<\/a> &#8211; <strong><a href=\"http:\/\/www.cluberecreioinstrucao.com\/cri\/?p=19266\">FOTOS<\/a><br \/>\n<\/strong>11.12.2021 Paio Pires FC 2-9 <strong>CRI<\/strong> &#8211; <a href=\"https:\/\/resultados.fpf.pt\/Match\/GetMatchInformation?matchId=1688059\" target=\"_blank\" rel=\"noopener\">FICHA DE JOGO<\/a> &#8211; <strong><a href=\"http:\/\/www.cluberecreioinstrucao.com\/cri\/?p=19310\">FOTOS<\/a><br \/>\n<\/strong>18.12.2021 FC Barreirense 6-3 <strong>CRI<\/strong> &#8211; <a href=\"https:\/\/resultados.fpf.pt\/Match\/GetMatchInformation?matchId=1688062\" target=\"_blank\" rel=\"noopener\">FICHA DE JOGO<\/a> &#8211; <strong><a href=\"http:\/\/www.cluberecreioinstrucao.com\/cri\/?p=19327\">FOTOS<\/a><\/strong><br \/>\n22.01.2022 D. Jo\u00e3o I 3-2 <strong>CRI<\/strong> &#8211; <a href=\"https:\/\/resultados.fpf.pt\/Match\/GetMatchInformation?matchId=1697905\" target=\"_blank\" rel=\"noopener\">FICHA DE JOGO<\/a> &#8211; <a href=\"http:\/\/www.cluberecreioinstrucao.com\/cri\/?p=19525\"><strong>FOTOS<\/strong><\/a><br \/>\n30.01.2022 <strong>CRI<\/strong> 10-1 ADQ Conde &#8211; <a href=\"https:\/\/resultados.fpf.pt\/Match\/GetMatchInformation?matchId=1688065\" target=\"_blank\" rel=\"noopener\">FICHA DE JOGO<\/a> &#8211; <strong><a href=\"http:\/\/www.cluberecreioinstrucao.com\/cri\/?p=19567\">FOTOS<\/a><br \/>\n<\/strong>05.02.2022 <strong>CRI<\/strong> 11-0 SC Vinhense &#8211; <a href=\"https:\/\/resultados.fpf.pt\/Match\/GetMatchInformation?matchId=1688079\" target=\"_blank\" rel=\"noopener\">FICHA DE JOGO<\/a> &#8211; <strong><a href=\"http:\/\/www.cluberecreioinstrucao.com\/cri\/?p=19602\">FOTOS<\/a><br \/>\n<\/strong>12.02.2022 GD Fabril 3-2 <strong>CRI <\/strong>&#8211; <a href=\"https:\/\/resultados.fpf.pt\/Match\/GetMatchInformation?matchId=1688083\" target=\"_blank\" rel=\"noopener\">FICHA DE JOGO<\/a> &#8211;<strong><a href=\"http:\/\/www.cluberecreioinstrucao.com\/cri\/?p=19618\"> FOTOS<\/a><br \/>\n<\/strong>19.02.2022 <strong>CRI<\/strong> 6-1 Paio Pires FC &#8211; <a href=\"https:\/\/resultados.fpf.pt\/Match\/GetMatchInformation?matchId=1688087\" target=\"_blank\" rel=\"noopener\">FICHA DE JOGO<\/a> &#8211; <a href=\"http:\/\/www.cluberecreioinstrucao.com\/cri\/?p=19660\"><strong>FOTOS<\/strong><\/a><\/p>\n<p><strong>CLASSIFICA\u00c7\u00c3O FINAL<\/strong><\/p>\n<p><img decoding=\"async\" loading=\"lazy\" class=\"wp-image-19770 alignnone\" src=\"http:\/\/www.cluberecreioinstrucao.com\/cri\/wp-content\/uploads\/2022\/03\/sub-11.jpg\" alt=\"\" width=\"360\" height=\"709\" srcset=\"http:\/\/www.cluberecreioinstrucao.com\/cri\/wp-content\/uploads\/2022\/03\/sub-11.jpg 640w, http:\/\/www.cluberecreioinstrucao.com\/cri\/wp-content\/uploads\/2022\/03\/sub-11-152x300.jpg 152w, http:\/\/www.cluberecreioinstrucao.com\/cri\/wp-content\/uploads\/2022\/03\/sub-11-520x1024.jpg 520w, http:\/\/www.cluberecreioinstrucao.com\/cri\/wp-content\/uploads\/2022\/03\/sub-11-65x128.jpg 65w, http:\/\/www.cluberecreioinstrucao.com\/cri\/wp-content\/uploads\/2022\/03\/sub-11-16x32.jpg 16w, http:\/\/www.cluberecreioinstrucao.com\/cri\/wp-content\/uploads\/2022\/03\/sub-11-51x100.jpg 51w, http:\/\/www.cluberecreioinstrucao.com\/cri\/wp-content\/uploads\/2022\/03\/sub-11-25x50.jpg 25w, http:\/\/www.cluberecreioinstrucao.com\/cri\/wp-content\/uploads\/2022\/03\/sub-11-13x25.jpg 13w, http:\/\/www.cluberecreioinstrucao.com\/cri\/wp-content\/uploads\/2022\/03\/sub-11-300x591.jpg 300w\" sizes=\"(max-width: 360px) 100vw, 360px\" \/><\/p>\n<p>&nbsp;<\/p>\n<div class=\"mks_separator\" style=\"border-bottom: 3px solid;\"><\/div>\n<p><strong><a name=\"JOGADORES\"><\/a><\/strong><\/p>\n<p><strong>JOGADORES<\/strong><img decoding=\"async\" loading=\"lazy\" class=\"aligncenter wp-image-16614 size-full\" src=\"http:\/\/www.cluberecreioinstrucao.com\/cri\/wp-content\/uploads\/2019\/12\/barra-jogadores-e1591273100147.jpg\" alt=\"\" width=\"959\" height=\"105\" \/><div class=\"mks_separator\" style=\"border-bottom: 1px solid;\"><\/div>\n<a href=\"https:\/\/www.fpf.pt\/pt\/Jogadores\/Ficha-de-Jogador\/playerId\/2012785\" target=\"_blank\" rel=\"noopener\">Afonso Aiveca<\/a><br \/>\n<a href=\"https:\/\/www.fpf.pt\/pt\/Jogadores\/Ficha-de-Jogador\/playerId\/2012277\" target=\"_blank\" rel=\"noopener\">Afonso Lima<\/a><br \/>\n<a href=\"https:\/\/www.fpf.pt\/pt\/Jogadores\/Ficha-de-Jogador\/playerId\/2042193\" target=\"_blank\" rel=\"noopener\">Afonso Moura<\/a><br \/>\n<a href=\"https:\/\/www.fpf.pt\/pt\/Jogadores\/Ficha-de-Jogador\/playerId\/1977499\" target=\"_blank\" rel=\"noopener\">Aguinaldo Miguel<\/a><br \/>\n<a href=\"https:\/\/www.fpf.pt\/pt\/Jogadores\/Ficha-de-Jogador\/playerId\/1979962\" target=\"_blank\" rel=\"noopener\">Diego Madureira<\/a><br \/>\n<a href=\"https:\/\/www.fpf.pt\/pt\/Jogadores\/Ficha-de-Jogador\/playerId\/1798834\" target=\"_blank\" rel=\"noopener\">Diogo Fernandes<\/a><br \/>\n<a href=\"https:\/\/www.fpf.pt\/pt\/Jogadores\/Ficha-de-Jogador\/playerId\/1947398\" target=\"_blank\" rel=\"noopener\">Gon\u00e7alo Teles<\/a><br \/>\n<a href=\"https:\/\/www.fpf.pt\/pt\/Jogadores\/Ficha-de-Jogador\/playerId\/2046532\" target=\"_blank\" rel=\"noopener\">Guilherme Lopes<\/a><br \/>\n<a href=\"https:\/\/www.fpf.pt\/pt\/Jogadores\/Ficha-de-Jogador\/playerId\/1849728\" target=\"_blank\" rel=\"noopener\">Jo\u00e3o Cortez<\/a><br \/>\n<a href=\"https:\/\/www.fpf.pt\/pt\/Jogadores\/Ficha-de-Jogador\/playerId\/1949156\" target=\"_blank\" rel=\"noopener\">Jos\u00e9 Figueiredo<\/a><br \/>\n<a href=\"https:\/\/www.fpf.pt\/pt\/Jogadores\/Ficha-de-Jogador\/playerId\/1947396\" target=\"_blank\" rel=\"noopener\">Rafael Silva<\/a><br \/>\n<a href=\"https:\/\/www.fpf.pt\/pt\/Jogadores\/Ficha-de-Jogador\/playerId\/1955752\" target=\"_blank\" rel=\"noopener\">Rodrigo Correia<\/a><br \/>\n<a href=\"https:\/\/www.fpf.pt\/pt\/Jogadores\/Ficha-de-Jogador\/playerId\/1955770\" target=\"_blank\" rel=\"noopener\">Rodrigo Pinto<\/a><br \/>\n<a href=\"https:\/\/www.fpf.pt\/pt\/Jogadores\/Ficha-de-Jogador\/playerId\/1847552\" target=\"_blank\" rel=\"noopener\">Rodrigo Carromeu<\/a><br \/>\n<a href=\"https:\/\/www.fpf.pt\/pt\/Jogadores\/Ficha-de-Jogador\/playerId\/1847551\" target=\"_blank\" rel=\"noopener\">Santiago Ramalho<\/a><br \/>\n<a href=\"https:\/\/www.fpf.pt\/pt\/Jogadores\/Ficha-de-Jogador\/playerId\/1947386\" target=\"_blank\" rel=\"noopener\">Valentim Silva<\/a><br \/>\n<div class=\"mks_separator\" style=\"border-bottom: 3px solid;\"><\/div>\n<strong><a name=\"TREINADORES. DIRIGENTES. COLABORADORES\"><\/a><\/strong><\/p>\n<p><strong>TREINADORES. DIRIGENTES. COLABORADORES<img decoding=\"async\" loading=\"lazy\" class=\"aligncenter wp-image-16612 size-full\" src=\"http:\/\/www.cluberecreioinstrucao.com\/cri\/wp-content\/uploads\/2019\/12\/barra-treinador-e1591273338543.jpg\" alt=\"\" width=\"1920\" height=\"187\" srcset=\"http:\/\/www.cluberecreioinstrucao.com\/cri\/wp-content\/uploads\/2019\/12\/barra-treinador-e1591273338543.jpg 1920w, http:\/\/www.cluberecreioinstrucao.com\/cri\/wp-content\/uploads\/2019\/12\/barra-treinador-e1591273338543-300x29.jpg 300w, http:\/\/www.cluberecreioinstrucao.com\/cri\/wp-content\/uploads\/2019\/12\/barra-treinador-e1591273338543-768x75.jpg 768w, http:\/\/www.cluberecreioinstrucao.com\/cri\/wp-content\/uploads\/2019\/12\/barra-treinador-e1591273338543-1024x100.jpg 1024w, http:\/\/www.cluberecreioinstrucao.com\/cri\/wp-content\/uploads\/2019\/12\/barra-treinador-e1591273338543-128x12.jpg 128w, http:\/\/www.cluberecreioinstrucao.com\/cri\/wp-content\/uploads\/2019\/12\/barra-treinador-e1591273338543-32x3.jpg 32w, http:\/\/www.cluberecreioinstrucao.com\/cri\/wp-content\/uploads\/2019\/12\/barra-treinador-e1591273338543-100x10.jpg 100w, http:\/\/www.cluberecreioinstrucao.com\/cri\/wp-content\/uploads\/2019\/12\/barra-treinador-e1591273338543-50x5.jpg 50w, http:\/\/www.cluberecreioinstrucao.com\/cri\/wp-content\/uploads\/2019\/12\/barra-treinador-e1591273338543-25x2.jpg 25w, http:\/\/www.cluberecreioinstrucao.com\/cri\/wp-content\/uploads\/2019\/12\/barra-treinador-e1591273338543-990x96.jpg 990w, http:\/\/www.cluberecreioinstrucao.com\/cri\/wp-content\/uploads\/2019\/12\/barra-treinador-e1591273338543-1320x129.jpg 1320w, http:\/\/www.cluberecreioinstrucao.com\/cri\/wp-content\/uploads\/2019\/12\/barra-treinador-e1591273338543-650x63.jpg 650w, http:\/\/www.cluberecreioinstrucao.com\/cri\/wp-content\/uploads\/2019\/12\/barra-treinador-e1591273338543-1536x150.jpg 1536w\" sizes=\"(max-width: 1920px) 100vw, 1920px\" \/><\/strong><div class=\"mks_separator\" style=\"border-bottom: 1px solid;\"><\/div>\nTreinadores: <strong>Jo\u00e3o Gl\u00f3ria <\/strong>e <strong>Augusto Manhita<\/strong><br \/>\nTreinador Adjunto\/Delegado: <strong>Marco Santos<br \/>\n<\/strong>Treinador de G.Redes: <strong>Jorge Carvalho<br \/>\n<\/strong>Massagista:<strong> Paulo Benedito e Ana Silva<br \/>\n<\/strong>Coordenador T\u00e9cnico: <strong>Jos\u00e9 Medeiros<br \/>\n<\/strong><div class=\"mks_separator\" style=\"border-bottom: 3px solid;\"><\/div>\n<p>&nbsp;<\/p>\n","protected":false},"excerpt":{"rendered":"<p>ARQUIVO \u00c9POCAS ANTERIORES \u00c9POCA 2021\/22 JOGADORES TREINADORES. DIRIGENTES. COLABORADORES FOTOS. V\u00cdDEOS. NOT\u00cdCIAS CAMPEONATO A.F.SET\u00daBAL &#8211; 1\u00aa FASE &#8211; S\u00c9RIE &#8220;D&#8221; TORNEIO COMPLEMENTAR A.F.SET\u00daBAL &#8211; S\u00c9RIE &#8220;E&#8221; TORNEIO COMPLEMENTAR A.F.SET\u00daBAL &#8211; S\u00c9RIE &#8220;E&#8221; OS NOSSOS JOGOS OFICIAIS: 19 mar 2022 D. Jo\u00e3o I 3-0 CRI &#8211; FICHA DE JOGO &#8211; FOTOS 26 mar 2022 CRI 5-1 [&hellip;]<\/p>\n","protected":false},"author":1,"featured_media":0,"parent":0,"menu_order":0,"comment_status":"closed","ping_status":"closed","template":"","meta":[],"_links":{"self":[{"href":"http:\/\/www.cluberecreioinstrucao.com\/cri\/index.php?rest_route=\/wp\/v2\/pages\/18710"}],"collection":[{"href":"http:\/\/www.cluberecreioinstrucao.com\/cri\/index.php?rest_route=\/wp\/v2\/pages"}],"about":[{"href":"http:\/\/www.cluberecreioinstrucao.com\/cri\/index.php?rest_route=\/wp\/v2\/types\/page"}],"author":[{"embeddable":true,"href":"http:\/\/www.cluberecreioinstrucao.com\/cri\/index.php?rest_route=\/wp\/v2\/users\/1"}],"replies":[{"embeddable":true,"href":"http:\/\/www.cluberecreioinstrucao.com\/cri\/index.php?rest_route=%2Fwp%2Fv2%2Fcomments&post=18710"}],"version-history":[{"count":39,"href":"http:\/\/www.cluberecreioinstrucao.com\/cri\/index.php?rest_route=\/wp\/v2\/pages\/18710\/revisions"}],"predecessor-version":[{"id":20356,"href":"http:\/\/www.cluberecreioinstrucao.com\/cri\/index.php?rest_route=\/wp\/v2\/pages\/18710\/revisions\/20356"}],"wp:attachment":[{"href":"http:\/\/www.cluberecreioinstrucao.com\/cri\/index.php?rest_route=%2Fwp%2Fv2%2Fmedia&parent=18710"}],"curies":[{"name":"wp","href":"https:\/\/api.w.org\/{rel}","templated":true}]}}