{"id":239,"date":"2015-04-17T00:31:45","date_gmt":"2015-04-17T00:31:45","guid":{"rendered":"http:\/\/www.alhosvedros.net\/criav\/?page_id=239"},"modified":"2022-01-26T16:16:50","modified_gmt":"2022-01-26T16:16:50","slug":"contactos","status":"publish","type":"page","link":"http:\/\/www.cluberecreioinstrucao.com\/?page_id=239","title":{"rendered":"Contactos"},"content":{"rendered":"<h2><img decoding=\"async\" loading=\"lazy\" class=\"aligncenter wp-image-11856 \" src=\"http:\/\/www.cluberecreioinstrucao.com\/wp-content\/uploads\/2015\/04\/cri_logo_oficial_600x600-300x300.png\" alt=\"\" width=\"132\" height=\"132\" srcset=\"http:\/\/www.cluberecreioinstrucao.com\/wp-content\/uploads\/2015\/04\/cri_logo_oficial_600x600-300x300.png 300w, http:\/\/www.cluberecreioinstrucao.com\/wp-content\/uploads\/2015\/04\/cri_logo_oficial_600x600-150x150.png 150w, http:\/\/www.cluberecreioinstrucao.com\/wp-content\/uploads\/2015\/04\/cri_logo_oficial_600x600-65x65.png 65w, http:\/\/www.cluberecreioinstrucao.com\/wp-content\/uploads\/2015\/04\/cri_logo_oficial_600x600-90x90.png 90w, http:\/\/www.cluberecreioinstrucao.com\/wp-content\/uploads\/2015\/04\/cri_logo_oficial_600x600.png 600w\" sizes=\"(max-width: 132px) 100vw, 132px\" \/><br \/>\n<div class=\"mks_separator\" style=\"border-bottom: 2px solid;\"><\/div><\/h2>\n<h2>Clube Recreio e Instru\u00e7\u00e3o<\/h2>\n<p>Contribuinte: 501596518<\/p>\n<p><strong>Morada Postal (Sede):<\/strong><br \/>\nR. C\u00e2ndido Reis, N\u00ba18 &#8211; 1\u00ba<br \/>\n2860-048 Alhos Vedros<br \/>\nMoita\/Set\u00fabal\/Portugal<br \/>\n<div class=\"mks_separator\" style=\"border-bottom: 2px solid;\"><\/div>\n<strong>E-MAILS<\/strong><\/p>\n<p>DIRE\u00c7\u00c3O: <a href=\"mailto:direcao@cri.pt; cri.direcao@gmail.com\">direcao@cri.pt<\/a><br \/>\n<span style=\"letter-spacing: 0.05em; line-height: 1.6875;\">PUBLICIDADE &amp; MARKETING: <a href=\"mailto:publicidade@cri.pt; cri.publicidade@gmail.com\">publicidade@cri.pt<\/a><br \/>\nTESOURARIA: <a href=\"mailto:tesouraria@cri.pt; tesouraria.cri@gmail.com\">tesouraria@cri.pt<\/a><br \/>\nEQUIPAMENTOS DESPORTIVOS: <a href=\"mailto:equipamentos@cri.pt; cri.equipamentos.desportivos@gmail.com\">equipamentos@cri.pt<\/a><br \/>\nGERAL: <a href=\"mailto:geral@cri.pt; cri.alhosvedros@gmail.com\">geral@cri.pt<\/a><br \/>\n<\/span><strong><br \/>\n<em>Futebol<\/em><\/strong><br \/>\n<span class=\"_5yl5\">ENTIDADE FORMADORA: <a href=\"mailto:entidade.formadora@cri.pt; cri.certificacao@gmail.com\">entidade.formadora@cri.pt<\/a> (Lu\u00eds Nobre)<\/span><br \/>\nDEPARTAMENTO FUTEBOL: <a href=\"mailto:futebol@cri.pt; crifutebol@hotmail.com\">futebol@cri.pt<\/a> (Secretaria)<br \/>\nCOORDENADOR T\u00c9CNICO: <span class=\"_5yl5\"><a href=\"mailto:coordenador.tecnico@cri.pt; coordenador.desp.cri@gmail.com\">coordenador.tecnico@cri.pt<\/a>\u00a0(Jos\u00e9 L. Medeiros)<br \/>\nACOMPANHAMENTO ESCOLAR, PESSOAL E SOCIAL: <a href=\"mailto:acompanhamento.eps@cri.pt; cri.acompanhamento.eps@gmail.com\">acompanhamento.eps@cri.pt<\/a> (Almiro Antunes)<\/span><\/p>\n<p><em><strong>Plataformas Digitais<\/strong><\/em><br \/>\n<span style=\"letter-spacing: 0.05em; line-height: 1.6875;\">INTERNET: <a href=\"mailto:www.cri.pt@gmail.com\">www.cri.pt@gmail.com<\/a><br \/>\n<\/span><div class=\"mks_separator\" style=\"border-bottom: 2px solid;\"><\/div>\n<strong>Parque Desportivo Artur Ferreira Gouveia<br \/>\n<\/strong>Rua Jo\u00e3o M. Gaspar da Chica<br \/>\nUrbaniza\u00e7\u00e3o Vila Rosa &#8211; Bairro Gouveia<br \/>\n2860-000 Alhos Vedros<\/p>\n<p><em><strong>Telefones:<\/strong><\/em><br \/>\n<strong>Secretaria<\/strong>: (2\u00aa a 6\u00aa feira &#8211; 19:00h &#8211; 20:30h) &#8211; 21 204 0283<br \/>\n<strong>CRI Sports Bar <\/strong>(Entidade externa ao Clube):\u00a0 935 151 173<\/p>\n<hr \/>\n<p>ALUGUER DO CAMPO &#8211; <a href=\"http:\/\/www.cluberecreioinstrucao.com\/?page_id=13344\">Saber como reservar aqui<\/a><br \/>\n<strong>\u2013 <\/strong>Telem\u00f3vel<strong>:\u00a0\u00a0<span dir=\"ltr\" data-tooltip=\"Ligar para telefone (+351934382859)\" aria-label=\"Ligar para telefone (+351934382859)\">934 382 859\u00a0<\/span><\/strong><span dir=\"ltr\" data-tooltip=\"Ligar para telefone (+351934382859)\" aria-label=\"Ligar para telefone (+351934382859)\">(N\u00e9lson Teixeira)<\/span><br \/>\n<strong>\u2013\u00a0<\/strong>Telefone fixo<strong>: 21 204 0283\u00a0<\/strong>(Secretariado no Campo entre as 19:00h e as 20:30h de 2\u00aa a 6\u00aafeira)<br \/>\n<div class=\"mks_separator\" style=\"border-bottom: 2px solid;\"><\/div>\n<em><strong>Localiza\u00e7\u00e3o<\/strong><\/em><\/p>\n<p>Latitude: 38.648220\u00a0 \u00a0 \u00a0 \u00a0&#8211;\u00a0 \u00a0 Longitude: -9.023880<em><strong><br \/>\n<\/strong><\/em><a href=\"https:\/\/www.google.com\/maps\/place\/Parque+Desportivo+Artur+Ferreira+Gouveia\/@38.6480497,-9.0237594,478m\/data=!3m1!1e3!4m5!3m4!1s0x0:0xf085b1d51a827e1e!8m2!3d38.6481338!4d-9.0242958?hl=pt-BR\" target=\"_blank\" rel=\"noopener noreferrer\">Localiza\u00e7\u00e3o (Google Maps)<\/a><br \/>\n<a href=\"https:\/\/earth.app.goo.gl\/?apn=com.google.earth&amp;ibi=com.google.b612&amp;isi=293622097&amp;ius=googleearth&amp;link=https%3a%2f%2fearth.google.com%2fweb%2f%4038.64773123,-9.02361747,11.07948401a,236.17737336d,35y,65.12425636h,60.65014544t,0r\" target=\"_blank\" rel=\"noopener noreferrer\">Localiza\u00e7\u00e3o (Google Earth)<\/a><\/p>\n<p><a href=\"https:\/\/www.google.com\/maps\/place\/Parque+Desportivo+Artur+Ferreira+Gouveia\/@38.6480497,-9.0237594,478m\/data=!3m1!1e3!4m5!3m4!1s0x0:0xf085b1d51a827e1e!8m2!3d38.6481338!4d-9.0242958?hl=pt-BR\" target=\"_blank\" rel=\"noopener noreferrer\"><img decoding=\"async\" loading=\"lazy\" class=\"alignnone wp-image-10443 size-full\" src=\"http:\/\/www.cluberecreioinstrucao.com\/wp-content\/uploads\/2016\/06\/COMPLEXO-DESPORTIVO-2016.03.10-2.jpg\" alt=\"COMPLEXO DESPORTIVO 2016.03.10 (2)\" width=\"1280\" height=\"572\" srcset=\"http:\/\/www.cluberecreioinstrucao.com\/wp-content\/uploads\/2016\/06\/COMPLEXO-DESPORTIVO-2016.03.10-2.jpg 1280w, http:\/\/www.cluberecreioinstrucao.com\/wp-content\/uploads\/2016\/06\/COMPLEXO-DESPORTIVO-2016.03.10-2-300x134.jpg 300w, http:\/\/www.cluberecreioinstrucao.com\/wp-content\/uploads\/2016\/06\/COMPLEXO-DESPORTIVO-2016.03.10-2-768x343.jpg 768w, http:\/\/www.cluberecreioinstrucao.com\/wp-content\/uploads\/2016\/06\/COMPLEXO-DESPORTIVO-2016.03.10-2-1024x458.jpg 1024w, http:\/\/www.cluberecreioinstrucao.com\/wp-content\/uploads\/2016\/06\/COMPLEXO-DESPORTIVO-2016.03.10-2-560x250.jpg 560w, http:\/\/www.cluberecreioinstrucao.com\/wp-content\/uploads\/2016\/06\/COMPLEXO-DESPORTIVO-2016.03.10-2-260x116.jpg 260w, http:\/\/www.cluberecreioinstrucao.com\/wp-content\/uploads\/2016\/06\/COMPLEXO-DESPORTIVO-2016.03.10-2-160x72.jpg 160w\" sizes=\"(max-width: 1280px) 100vw, 1280px\" \/><\/a><\/p>\n<p><a href=\"https:\/\/www.google.com\/maps\/place\/Parque+Desportivo+Artur+Ferreira+Gouveia\/@38.6480497,-9.0237594,478m\/data=!3m1!1e3!4m5!3m4!1s0x0:0xf085b1d51a827e1e!8m2!3d38.6481338!4d-9.0242958?hl=pt-BR\" target=\"_blank\" rel=\"noopener noreferrer\"><img decoding=\"async\" loading=\"lazy\" class=\"aligncenter wp-image-11263\" src=\"http:\/\/www.cluberecreioinstrucao.com\/wp-content\/uploads\/2015\/04\/campo-de-7.jpg\" alt=\"campo de 7\" width=\"1280\" height=\"960\" srcset=\"http:\/\/www.cluberecreioinstrucao.com\/wp-content\/uploads\/2015\/04\/campo-de-7.jpg 2048w, http:\/\/www.cluberecreioinstrucao.com\/wp-content\/uploads\/2015\/04\/campo-de-7-300x225.jpg 300w, http:\/\/www.cluberecreioinstrucao.com\/wp-content\/uploads\/2015\/04\/campo-de-7-768x576.jpg 768w, http:\/\/www.cluberecreioinstrucao.com\/wp-content\/uploads\/2015\/04\/campo-de-7-1024x768.jpg 1024w, http:\/\/www.cluberecreioinstrucao.com\/wp-content\/uploads\/2015\/04\/campo-de-7-990x743.jpg 990w, http:\/\/www.cluberecreioinstrucao.com\/wp-content\/uploads\/2015\/04\/campo-de-7-1320x990.jpg 1320w\" sizes=\"(max-width: 1280px) 100vw, 1280px\" \/><\/a><\/p>\n<p><iframe loading=\"lazy\" title=\"Parque Desportivo Artur F. Gouveia em 2018\" width=\"1320\" height=\"743\" src=\"https:\/\/www.youtube.com\/embed\/srSIqxTuTnM?feature=oembed\" frameborder=\"0\" allow=\"accelerometer; autoplay; clipboard-write; encrypted-media; gyroscope; picture-in-picture\" allowfullscreen><\/iframe><\/p>\n<p>&nbsp;<\/p>\n","protected":false},"excerpt":{"rendered":"<p>Clube Recreio e Instru\u00e7\u00e3o Contribuinte: 501596518 Morada Postal (Sede): R. C\u00e2ndido Reis, N\u00ba18 &#8211; 1\u00ba 2860-048 Alhos Vedros Moita\/Set\u00fabal\/Portugal E-MAILS DIRE\u00c7\u00c3O: direcao@cri.pt PUBLICIDADE &amp; MARKETING: publicidade@cri.pt TESOURARIA: tesouraria@cri.pt EQUIPAMENTOS DESPORTIVOS: equipamentos@cri.pt GERAL: geral@cri.pt Futebol ENTIDADE FORMADORA: entidade.formadora@cri.pt (Lu\u00eds Nobre) DEPARTAMENTO FUTEBOL: futebol@cri.pt (Secretaria) COORDENADOR T\u00c9CNICO: coordenador.tecnico@cri.pt\u00a0(Jos\u00e9 L. Medeiros) ACOMPANHAMENTO ESCOLAR, PESSOAL E SOCIAL: acompanhamento.eps@cri.pt (Almiro [&hellip;]<\/p>\n","protected":false},"author":1,"featured_media":568,"parent":0,"menu_order":0,"comment_status":"closed","ping_status":"open","template":"","meta":[],"_links":{"self":[{"href":"http:\/\/www.cluberecreioinstrucao.com\/index.php?rest_route=\/wp\/v2\/pages\/239"}],"collection":[{"href":"http:\/\/www.cluberecreioinstrucao.com\/index.php?rest_route=\/wp\/v2\/pages"}],"about":[{"href":"http:\/\/www.cluberecreioinstrucao.com\/index.php?rest_route=\/wp\/v2\/types\/page"}],"author":[{"embeddable":true,"href":"http:\/\/www.cluberecreioinstrucao.com\/index.php?rest_route=\/wp\/v2\/users\/1"}],"replies":[{"embeddable":true,"href":"http:\/\/www.cluberecreioinstrucao.com\/index.php?rest_route=%2Fwp%2Fv2%2Fcomments&post=239"}],"version-history":[{"count":83,"href":"http:\/\/www.cluberecreioinstrucao.com\/index.php?rest_route=\/wp\/v2\/pages\/239\/revisions"}],"predecessor-version":[{"id":19555,"href":"http:\/\/www.cluberecreioinstrucao.com\/index.php?rest_route=\/wp\/v2\/pages\/239\/revisions\/19555"}],"wp:featuredmedia":[{"embeddable":true,"href":"http:\/\/www.cluberecreioinstrucao.com\/index.php?rest_route=\/"}],"wp:attachment":[{"href":"http:\/\/www.cluberecreioinstrucao.com\/index.php?rest_route=%2Fwp%2Fv2%2Fmedia&parent=239"}],"curies":[{"name":"wp","href":"https:\/\/api.w.org\/{rel}","templated":true}]}}